{"id":9,"date":"2020-09-15T20:34:27","date_gmt":"2020-09-15T20:34:27","guid":{"rendered":"https:\/\/www.alddr.ch\/site-alddr\/contact\/"},"modified":"2025-06-22T12:55:10","modified_gmt":"2025-06-22T12:55:10","slug":"contact","status":"publish","type":"page","link":"https:\/\/www.alddr.ch\/site-alddr\/?page_id=9","title":{"rendered":"Contacts &#038; Liens"},"content":{"rendered":"<p><span style=\"color: #ff0000;\">Pr\u00e9sident du Comit\u00e9 de l\u2019ALDDR<\/span><br \/>\nM. Christian Berger, Rue des Vernes 20, 2013 Colombier<br \/>\ne-mail: bergerc5595[at]gmail.com<\/p>\n<p><span style=\"color: #ff0000;\">Pr\u00e9sident de la Fondation de l\u2019ALDDR<\/span><br \/>\nM. Simon Stoeckli, chemin de Ronzi 3, 2016 Cortaillod<br \/>\ne-mail : sstoeckli[at]not-ne.ch<\/p>\n<p><span style=\"color: #ff0000;\">Courrier des Anciens<\/span><br \/>\ne-mail : bergerc5595[at]gmail.com<\/p>\n<p>Site Internet du <a href=\"https:\/\/www.lddr.ch\/Pages\/home2.aspx\" target=\"_blank\" rel=\"noopener noreferrer\">Lyc\u00e9e Denis-de-Rougemont<\/a><\/p>\n<p>La vie et l\u2019\u0153uvre de Denis de Rougemont sont pr\u00e9sent\u00e9es sur le site:<br \/>\n<a href=\"http:\/\/www.fondationderougemont.org\/\" target=\"_blank\" rel=\"noopener noreferrer\">www.fondationderougemont.org<\/a><\/p>\n","protected":false},"excerpt":{"rendered":"<p>Pr\u00e9sident du Comit\u00e9 de l\u2019ALDDR M. Christian Berger, Rue des Vernes 20, 2013 Colombier e-mail: bergerc5595[at]gmail.com Pr\u00e9sident de la Fondation de l\u2019ALDDR M. Simon Stoeckli, chemin de Ronzi 3, 2016 Cortaillod e-mail : sstoeckli[at]not-ne.ch Courrier des Anciens e-mail : bergerc5595[at]gmail.com Site Internet du Lyc\u00e9e Denis-de-Rougemont La vie et l\u2019\u0153uvre de Denis de Rougemont sont pr\u00e9sent\u00e9es [&hellip;]<\/p>\n","protected":false},"author":1,"featured_media":0,"parent":0,"menu_order":6,"comment_status":"closed","ping_status":"closed","template":"","meta":{"footnotes":""},"class_list":["post-9","page","type-page","status-publish","hentry"],"_links":{"self":[{"href":"https:\/\/www.alddr.ch\/site-alddr\/index.php?rest_route=\/wp\/v2\/pages\/9","targetHints":{"allow":["GET"]}}],"collection":[{"href":"https:\/\/www.alddr.ch\/site-alddr\/index.php?rest_route=\/wp\/v2\/pages"}],"about":[{"href":"https:\/\/www.alddr.ch\/site-alddr\/index.php?rest_route=\/wp\/v2\/types\/page"}],"author":[{"embeddable":true,"href":"https:\/\/www.alddr.ch\/site-alddr\/index.php?rest_route=\/wp\/v2\/users\/1"}],"replies":[{"embeddable":true,"href":"https:\/\/www.alddr.ch\/site-alddr\/index.php?rest_route=%2Fwp%2Fv2%2Fcomments&post=9"}],"version-history":[{"count":6,"href":"https:\/\/www.alddr.ch\/site-alddr\/index.php?rest_route=\/wp\/v2\/pages\/9\/revisions"}],"predecessor-version":[{"id":262,"href":"https:\/\/www.alddr.ch\/site-alddr\/index.php?rest_route=\/wp\/v2\/pages\/9\/revisions\/262"}],"wp:attachment":[{"href":"https:\/\/www.alddr.ch\/site-alddr\/index.php?rest_route=%2Fwp%2Fv2%2Fmedia&parent=9"}],"curies":[{"name":"wp","href":"https:\/\/api.w.org\/{rel}","templated":true}]}}